{"id":28,"date":"2015-11-20T09:29:40","date_gmt":"2015-11-20T09:29:40","guid":{"rendered":"http:\/\/rthf.se\/?page_id=28"},"modified":"2018-05-08T18:12:27","modified_gmt":"2018-05-08T18:12:27","slug":"en-till-sida","status":"publish","type":"page","link":"https:\/\/rthf.se\/?page_id=28","title":{"rendered":"Styrelsen"},"content":{"rendered":"<p><em>Ordf\u00f6rande:<\/em><br \/>\n<em>Vise ordf\u00f6rande:<\/em><br \/>\n<em>Kass\u00f6r<\/em>:<br \/>\n<em>Sekreterare:<\/em><br \/>\n<em>Ledamot:<\/em><br \/>\n<em>Ledamot:<\/em><br \/>\n<em>Ledamot:<\/em><br \/>\n<em>Suppleant:<\/em><br \/>\n<span lang=\"en-US\"><em>Suppleant:<\/em>\u00a0<\/span><br \/>\n<span lang=\"en-US\"><em>Suppleant:<\/em><\/span><\/p>\n","protected":false},"excerpt":{"rendered":"<p>Ordf\u00f6rande: Vise ordf\u00f6rande: Kass\u00f6r: Sekreterare: Ledamot: Ledamot: Ledamot: Suppleant: Suppleant:\u00a0 Suppleant:<\/p>\n","protected":false},"author":1,"featured_media":0,"parent":0,"menu_order":10,"comment_status":"closed","ping_status":"closed","template":"","meta":{"footnotes":""},"class_list":["post-28","page","type-page","status-publish","hentry"],"_links":{"self":[{"href":"https:\/\/rthf.se\/index.php?rest_route=\/wp\/v2\/pages\/28","targetHints":{"allow":["GET"]}}],"collection":[{"href":"https:\/\/rthf.se\/index.php?rest_route=\/wp\/v2\/pages"}],"about":[{"href":"https:\/\/rthf.se\/index.php?rest_route=\/wp\/v2\/types\/page"}],"author":[{"embeddable":true,"href":"https:\/\/rthf.se\/index.php?rest_route=\/wp\/v2\/users\/1"}],"replies":[{"embeddable":true,"href":"https:\/\/rthf.se\/index.php?rest_route=%2Fwp%2Fv2%2Fcomments&post=28"}],"version-history":[{"count":5,"href":"https:\/\/rthf.se\/index.php?rest_route=\/wp\/v2\/pages\/28\/revisions"}],"predecessor-version":[{"id":55,"href":"https:\/\/rthf.se\/index.php?rest_route=\/wp\/v2\/pages\/28\/revisions\/55"}],"wp:attachment":[{"href":"https:\/\/rthf.se\/index.php?rest_route=%2Fwp%2Fv2%2Fmedia&parent=28"}],"curies":[{"name":"wp","href":"https:\/\/api.w.org\/{rel}","templated":true}]}}