{"id":11,"date":"2015-11-20T08:55:26","date_gmt":"2015-11-20T08:55:26","guid":{"rendered":"http:\/\/rthf.se\/?page_id=11"},"modified":"2018-05-08T18:12:21","modified_gmt":"2018-05-08T18:12:21","slug":"nasta-sida","status":"publish","type":"page","link":"http:\/\/rthf.se\/?page_id=11","title":{"rendered":"Kontakt"},"content":{"rendered":"<p><em>Adress:<\/em><\/p>\n<p>Billingev\u00e4gen 28<br \/>\nR\u00f6st\u00e5nga<\/p>\n<p><a href=\"https:\/\/kartor.eniro.se\/?q=billingev\u00e4gen,+28,+r\u00f6st\u00e5nga\">Hitta hit<\/a><\/p>\n","protected":false},"excerpt":{"rendered":"<p>Adress: Billingev\u00e4gen 28 R\u00f6st\u00e5nga Hitta hit<\/p>\n","protected":false},"author":1,"featured_media":0,"parent":0,"menu_order":5,"comment_status":"closed","ping_status":"closed","template":"","meta":{"footnotes":""},"class_list":["post-11","page","type-page","status-publish","hentry"],"_links":{"self":[{"href":"http:\/\/rthf.se\/index.php?rest_route=\/wp\/v2\/pages\/11","targetHints":{"allow":["GET"]}}],"collection":[{"href":"http:\/\/rthf.se\/index.php?rest_route=\/wp\/v2\/pages"}],"about":[{"href":"http:\/\/rthf.se\/index.php?rest_route=\/wp\/v2\/types\/page"}],"author":[{"embeddable":true,"href":"http:\/\/rthf.se\/index.php?rest_route=\/wp\/v2\/users\/1"}],"replies":[{"embeddable":true,"href":"http:\/\/rthf.se\/index.php?rest_route=%2Fwp%2Fv2%2Fcomments&post=11"}],"version-history":[{"count":4,"href":"http:\/\/rthf.se\/index.php?rest_route=\/wp\/v2\/pages\/11\/revisions"}],"predecessor-version":[{"id":50,"href":"http:\/\/rthf.se\/index.php?rest_route=\/wp\/v2\/pages\/11\/revisions\/50"}],"wp:attachment":[{"href":"http:\/\/rthf.se\/index.php?rest_route=%2Fwp%2Fv2%2Fmedia&parent=11"}],"curies":[{"name":"wp","href":"https:\/\/api.w.org\/{rel}","templated":true}]}}